28
Suppose -4*l - a + 430 = 0, 3*l + 87 = -2*a + 412. Suppose 1308 = -12*w + 13*w. Calculate the remainder when l is divided by 2/(-8) + w/48.
26
Suppose 0 = 2*u - 2*p - 10, 2*p = -2*u - 3 + 1. Suppose 2*g - 4*g = -2*h - 26, u*h - 22 = -2*g. Let i = 49 - 14. Calculate the remainder when i is divided by g.
11
Let d(n) = -101*n**3 + n**2 + n. Let s be d(-1). Let z = s + -46. What is the remainder when z is divided by 28?
27
Let l = -86 + 344. What is the remainder when l is divided by 29?
26
Suppose 3*v + 0*v + 14 = 5*z, -4*z = -3*v - 10. Let s(o) = -o**3 + 6*o**2 - 4*o - 7. What is the remainder when 53 is divided by s(z)?
8
Let l = 1534 + -1432. What is the remainder when 509 is divided by l?
101
Let x(u) = 3*u**2 + 75*u + 219. Calculate the remainder when 56 is divided by x(-3).
14
Let w(y) = -y**2 + y. Let u(l) = -3*l**2 - 5*l + 13. Let k(n) = u(n) - 4*w(n). What is the remainder when 12 is divided by k(8)?
2
Suppose -3*n - j = -110, -j = -5*n + 170 + 24. Suppose -3*w - w = -2*u + 28, -35 = 5*w + u. Let d = w - -17. Calculate the remainder when n is divided by d.
8
Let v be ((-8)/6)/((-4)/78). Let l = 51 - v. Let m = 153 - 140. What is the remainder when l is divided by m?
12
Let m(q) = q**2 - 11*q - 1. Calculate the remainder when m(-16) is divided by 54.
53
Suppose -4*r = 4*w, 0 = 5*w - 3*r - 5 - 27. Calculate the remainder when (2 - 6/w)*98 is divided by 17.
15
Let m(x) = x**3 - 6*x**2 + 3*x - 3. Let r(t) = 28*t + 1062. Calculate the remainder when r(-36) is divided by m(6).
9
Let q(h) = -h**3 - 16*h**2 + 19*h + 16. Let z be q(-17). Let n(b) = -b**2 - 20*b - 22. What is the remainder when 95 is divided by n(z)?
11
Calculate the remainder when 91 is divided by 155/62*(47/5 + 1).
13
Let i(k) = -k**3 + 2*k**2 + 9. Let z be i(0). Suppose -z = -4*a - 25. Calculate the remainder when 48 is divided by ((-16)/20)/(a/130).
22
Suppose 535 = 57*r - 491. Suppose -5*l + 282 = -58. What is the remainder when l is divided by r?
14
Let d = 628 + -625. What is the remainder when d is divided by 3?
0
Calculate the remainder when 9 is divided by (1 - (-7)/(-6)) + (-266)/(-84).
0
Let j(b) = b**2 - b + 10. Let w = -113 + 140. Calculate the remainder when j(7) is divided by w.
25
Let q = -424 + 441. What is the remainder when q is divided by 12/(-10)*45/(-6)?
8
Let o = 52 - 41. Let h = 29 - o. Calculate the remainder when 34 is divided by h.
16
Let h(f) = -f**3 - 4*f**2 - f - 6. Suppose -2*r + 274 = 4*x, 3*x + r - 221 = -15. Calculate the remainder when x is divided by h(-5).
21
Suppose -s - 110 - 41 = -4*n, -150 = -4*n + 2*s. What is the remainder when n is divided by 144/14 + (-4)/14?
8
Let h(i) = i**2 + 5*i - 10. Calculate the remainder when (-24)/10*29/(348/(-40)) is divided by h(-7).
0
Let d(b) = b + 17. Calculate the remainder when 20 is divided by d(-13).
0
Suppose 199 + 301 = 4*v. Calculate the remainder when v is divided by 64.
61
Suppose f + 18 + 3 = 0. Let w = -15 - f. Calculate the remainder when (8 + -9)*44/(-4) is divided by w.
5
What is the remainder when 389 is divided by 14 + 28/4 + 9?
29
Suppose -26 = -2*w - 6. Let g(u) = -6*u**3 - 2*u**2 + 2*u. Calculate the remainder when g(-2) is divided by w.
6
Let z be -3 + (-10 + 0)/5. Let a(w) = 5*w + 6. Let l(f) = 24*f + 30. Let d(p) = -21*a(p) + 4*l(p). What is the remainder when d(z) is divided by 10?
9
Let w be -4 - (-2 - -1) - (-9 - -2). Suppose -4*g - w + 324 = 0. What is the remainder when g is divided by 9?
8
Suppose 4*c = -83 + 1023. Calculate the remainder when c is divided by 42.
25
Suppose 0*j = -14*j + 798. What is the remainder when j is divided by 22?
13
Let p = -239 + 242. Calculate the remainder when 525 is divided by p.
0
Suppose 0 = -3*o - l + 60, -3*o = -4*l - 62 + 2. What is the remainder when (-8)/o - 974/(-10) is divided by 20?
17
Suppose 2*d + 12 = 7*d + f, -3*d = 2*f - 10. Let o(h) = -h + 8. Let z = -8 - -14. Calculate the remainder when o(z) is divided by d.
0
Let n be 3 + -6*1 + 5. Let o(q) = 2*q**2 + 2*q - q**n + 10 - q. What is the remainder when o(-5) is divided by 8?
6
Let o(x) = -x**3 + 4*x**2 + 5*x + 3. Let c be o(5). Suppose 353 = c*s + 122. Calculate the remainder when s is divided by 39.
38
Let t = -3 + 6. Suppose 5*h = -y - 2, 4*y - t*h + 2 - 17 = 0. Suppose 17 = 2*l - y*v, -l - 3*l - 5*v + 1 = 0. What is the remainder when 13 is divided by l?
1
Let b(l) = 3*l + 22. Let p be b(10). What is the remainder when (p/(-16))/((-1)/24) is divided by 16?
14
Let m = 3 + 1. Suppose -s + m*b = -50, 2*s - 149 = -2*s - b. Calculate the remainder when s is divided by 13.
12
Let a = -15 - -12. Let z(i) = -2*i**3 + 2*i**2 + 2*i + 1. Calculate the remainder when z(a) is divided by 14.
11
Let r be (-3)/15*-771 - (-1)/(-5). Suppose -158*p + 100 = -r*p. Calculate the remainder when 74 is divided by p.
24
Suppose 0 = t + 3*t. Let x be 0*(2 + t)/(-2). Suppose m - 2*m + 14 = x. Calculate the remainder when 40 is divided by m.
12
Suppose -5*p = 2*d + 14 - 192, 0 = 3*p. What is the remainder when d is divided by 16?
9
Let d = 40 - 3. Suppose 4*v = 3*o - v - 11, 3*o = 2*v + 8. Calculate the remainder when d is divided by o/(-6) - 465/(-45).
7
Let r(z) = 7*z**2 - 37*z - 113. Calculate the remainder when r(-3) is divided by 12.
1
Let q = 5 - 5. Let k be 9 - ((-2)/1 + 6). Suppose q = -k*m + 10, -5*c - 4*m = -4*c - 25. Calculate the remainder when 67 is divided by c.
16
Let r = 244 - 202. What is the remainder when 333 is divided by r?
39
Suppose -3*y + m - 2*m = -168, 5*y + 5*m = 290. Suppose -87 = -2*v + y. Let i(t) = 4*t + 2. Calculate the remainder when v is divided by i(4).
17
Let a = 1919 - 1826. What is the remainder when a is divided by 37?
19
Suppose -44*l + 295 = -43*l. What is the remainder when l is divided by 99?
97
Let w(p) = -86*p - 407. Let n(v) = v**3 + 7*v**2 - 11*v - 10. What is the remainder when n(-7) is divided by w(-5)?
21
Let c = -37 + 37. Suppose 12*v - 5*v - 49 = c. Suppose 0 = 4*u - 0*u - 44. What is the remainder when u is divided by v?
4
Suppose -2*n - n = 5*k - 20, -2*n - 4*k = -10. Calculate the remainder when 41 is divided by n.
11
Let j = 1292 + -1260. What is the remainder when 607 is divided by j?
31
Suppose 2*w - 79 = 5*d, -4*w + 2*d + 228 - 62 = 0. What is the remainder when w is divided by 16?
10
Let i = 1003 - 994. Suppose 3*h - 5 - 7 = 0. What is the remainder when i is divided by h?
1
Suppose -62 - 187 = -2*c - 5*u, 0 = 2*c + 3*u - 259. Calculate the remainder when c is divided by 19.
4
Suppose 2*b = q - 395, 0*q + 5*q - 2*b = 1951. Suppose 0 = 4*u - q - 119. Calculate the remainder when u is divided by 43.
41
Let l = 476 - 258. What is the remainder when l is divided by 22?
20
Let t = -604 + 809. What is the remainder when t is divided by 28?
9
Let s = 1985 - 1827. Calculate the remainder when s is divided by 41.
35
Suppose -322 = 8*p - 6*p. Let s be 2/(-7) - 306/7. Let x = s - p. Calculate the remainder when x is divided by 30.
27
Suppose 0*t - t + 34 = 3*i, -3*i + 12 = 0. Suppose -r - 21 = -4*c, r + 4 + 11 = -2*c. Let o = t + r. What is the remainder when 27 is divided by o?
2
Let x(n) = -n - 16. Let i be x(0). Let g be -7 - i - 3*-1. Suppose 0*h - 4*h + g = 0. What is the remainder when 6 is divided by h?
0
Let d = 5710 - 5707. Let m(h) = -h**3 + 6*h**2 + 7*h + 6. Let v(w) = -3*w + 1. Let b be v(-2). What is the remainder when m(b) is divided by d?
0
Let o(b) = 5*b**2 + 9*b - 4. Let n be o(-7). Let h be (n/6)/(1/(-3)). Let d = h + 181. Calculate the remainder when d is divided by 31.
30
Suppose -18*f = -20*f. Suppose f = -5*n + 143 + 47. Calculate the remainder when n is divided by 5.
3
Let i = 129 - 115. Let g = 11 + -7. Suppose 3*b - 162 = -g*l + 5*l, 168 = 3*b - 3*l. Calculate the remainder when b is divided by i.
11
Suppose -23*t - 30 = -26*t. What is the remainder when 168 is divided by t?
8
Let u = 569 - 557. What is the remainder when 82 is divided by u?
10
Let z = -2528 + 5486. Calculate the remainder when z is divided by 40.
38
Let f = 306 + -479. Let a = f + 291. What is the remainder when a is divided by 17?
16
Calculate the remainder when (9/(-6))/(5/(2940/(-18))) is divided by 2.
1
Let m(g) = -g - 4. Let k be m(-11). Suppose -23 = 6*u + k. Let c = u - -14. Calculate the remainder when 33 is divided by c.
6
What is the remainder when 6